hat is the remainder when 67 is divided by 61?
6
Calculate the remainder when 4556 is divided by 2.
0
Calculate the remainder when 499 is divided by 84.
79
Calculate the remainder when 308 is divided by 35.
28
What is the remainder when 523 is divided by 75?
73
Calculate the remainder when 2142 is divided by 58.
54
Calculate the remainder when 1147 is divided by 540.
67
Calculate the remainder when 285 is divided by 92.
9
Calculate the remainder when 48 is divided by 20.
8
Calculate the remainder when 239 is divided by 239.
0
What is the remainder when 238 is divided by 120?
118
What is the remainder when 3908 is divided by 299?
21
What is the remainder when 355 is divided by 10?
5
What is the remainder when 1504 is divided by 137?
134
Calculate the remainder when 3198 is divided by 50.
48
Calculate the remainder when 131 is divided by 64.
3
Calculate the remainder when 2402 is divided by 37.
34
What is the remainder when 1106 is divided by 35?
21
What is the remainder when 4817 is divided by 10?
7
What is the remainder when 255 is divided by 37?
33
Calculate the remainder when 325 is divided by 123.
79
What is the remainder when 1838 is divided by 142?
134
Calculate the remainder when 1050 is divided by 28.
14
What is the remainder when 70 is divided by 44?
26
Calculate the remainder when 71 is divided by 20.
11
What is the remainder when 65 is divided by 29?
7
What is the remainder when 311 is divided by 45?
41
Calculate the remainder when 4463 is divided by 58.
55
What is the remainder when 173 is divided by 65?
43
What is the remainder when 24 is divided by 21?
3
Calculate the remainder when 76 is divided by 73.
3
What is the remainder when 76 is divided by 16?
12
What is the remainder when 457 is divided by 18?
7
What is the remainder when 1530 is divided by 15?
0
Calculate the remainder when 166 is divided by 86.
80
Calculate the remainder when 145 is divided by 76.
69
Calculate the remainder when 138 is divided by 66.
6
Calculate the remainder when 206 is divided by 43.
34
What is the remainder when 62 is divided by 58?
4
What is the remainder when 336 is divided by 323?
13
What is the remainder when 335 is divided by 109?
8
Calculate the remainder when 3215 is divided by 230.
225
Calculate the remainder when 73 is divided by 31.
11
Calculate the remainder when 1683 is divided by 6.
3
Calculate the remainder when 152 is divided by 34.
16
Calculate the remainder when 252 is divided by 3.
0
What is the remainder when 117 is divided by 42?
33
What is the remainder when 221 is divided by 107?
7
What is the remainder when 807 is divided by 44?
15
What is the remainder when 35 is divided by 9?
8
Calculate the remainder when 1361 is divided by 15.
11
Calculate the remainder when 985 is divided by 4.
1
Calculate the remainder when 4569 is divided by 25.
19
What is the remainder when 140 is divided by 39?
23
Calculate the remainder when 629 is divided by 208.
5
What is the remainder when 5267 is divided by 5?
2
What is the remainder when 8832 is divided by 18?
12
What is the remainder when 157 is divided by 153?
4
Calculate the remainder when 328 is divided by 74.
32
What is the remainder when 2205 is divided by 158?
151
What is the remainder when 133 is divided by 36?
25
Calculate the remainder when 338 is divided by 3.
2
Calculate the remainder when 8083 is divided by 188.
187
What is the remainder when 73 is divided by 17?
5
Calculate the remainder when 81 is divided by 12.
9
What is the remainder when 1038 is divided by 26?
24
Calculate the remainder when 1390 is divided by 276.
10
Calculate the remainder when 928 is divided by 201.
124
What is the remainder when 543 is divided by 2?
1
Calculate the remainder when 178 is divided by 12.
10
Calculate the remainder when 142 is divided by 6.
4
What is the remainder when 422 is divided by 135?
17
What is the remainder when 388 is divided by 50?
38
What is the remainder when 1092 is divided by 42?
0
Calculate the remainder when 98 is divided by 11.
10
Calculate the remainder when 1627 is divided by 11.
10
Calculate the remainder when 5312 is divided by 34.
8
Calculate the remainder when 3328 is divided by 278.
270
Calculate the remainder when 81 is divided by 15.
6
What is the remainder when 653 is divided by 39?
29
Calculate the remainder when 475 is divided by 37.
31
What is the remainder when 62 is divided by 16?
14
Calculate the remainder when 112 is divided by 38.
36
What is the remainder when 104 is divided by 17?
2
Calculate the remainder when 245 is divided by 185.
60
What is the remainder when 543 is divided by 125?
43
What is the remainder when 27 is divided by 2?
1
What is the remainder when 3035 is divided by 138?
137
Calculate the remainder when 2357 is divided by 118.
115
Calculate the remainder when 163 is divided by 34.
27
Calculate the remainder when 499 is divided by 94.
29
What is the remainder when 1452 is divided by 305?
232
What is the remainder when 112 is divided by 9?
4
What is the remainder when 36 is divided by 16?
4
Calculate the remainder when 249 is divided by 79.
12
Calculate the remainder when 203 is divided by 98.
7
Calculate the remainder when 147 is divided by 97.
50
What is the remainder when 506 is divided by 27?
20
Calculate the remainder when 114 is divided by 20.
14
Calculate the remainder when 1187 is divided by 27.
26
What is the remainder when 298 is divided by 146?
6
Calculate the remainder when 69 is divided by 8.
5
What is the remainder when 17771 is divided by 225?
221
Calculate the remainder when 214 is divided by 24.
22
Calculate the remainder when 80 is divided by 26.
2
What is the remainder when 3316 is divided by 40?
36
Calculate the remainder when 206 is divided by 15.
11
What is the remainder when 400 is divided by 195?
10
Calculate the remainder when 770 is divided by 132.
110
Calculate the remainder when 104 is divided by 24.
8
Calculate the remainder when 3704 is divided by 75.
29
Calculate the remainder when 3133 is divided by 116.
1
Calculate the remainder when 866 is divided by 174.
170
Calculate the remainder when 9421 is divided by 31.
28
Calculate the remainder when 406 is divided by 26.
16
Calculate the remainder when 260 is divided by 14.
8
What is the remainder when 943 is divided by 233?
11
Calculate the remainder when 674 is divided by 217.
23
Calculate the remainder when 401 is divided by 37.
31
What is the remainder when 39 is divided by 11?
6
What is the remainder when 335 is divided by 16?
15
What is the remainder when 1515 is divided by 20?
15
Calculate the remainder when 706 is divided by 60.
46
Calculate the remainder when 141 is divided by 11.
9
What is the remainder when 326 is divided by 4?
2
Calculate the remainder when 8774 is divided by 131.
128
Calculate the remainder when 998 is divided by 76.
10
Calculate the remainder when 721 is divided by 720.
1
Calculate the remainder when 3933 is divided by 48.
45
What is the remainder when 68 is divided by 35?
33
What is the remainder when 339 is divided by 17?
16
What is the remainder when 78 is divided by 51?
27
Calculate the remainder when 176 is divided by 56.
8
What is the remainder when 526 is divided by 44?
42
What is the remainder when 46 is divided by 4?
2
What is the remainder when 1135 is divided by 42?
1
What is the remainder when 161 is divided by 18?
17
Calculate the remainder when 305 is divided by 39.
32
Calculate the remainder when 319 is divided by 27.
22
Calculate the remainder when 3902 is divided by 42.
38
Calculate the remainder when 642 is divided by 262.
118
Calculate the remainder when 4404 is divided by 45.
39
What is the remainder when 11128 is divided by 35?
33
What is the remainder when 258 is divided by 131?
127
Calculate the remainder when 32 is divided by 12.
8
Calculate the remainder when 294 is divided by 60.
54
What is the remainder when 120 is divided by 25?
20
What is the remainder when 191 is divided by 65?
61
Calculate the remainder when 328 is divided by 80.
8
Calculate the remainder when 235 is divided by 14.
11
Calculate the remainder when 296 is divided by 58.
6
What is the remainder when 222 is divided by 56?
54
Calculate the remainder when 11757 is divided by 80.
77
Calculate the remainder when 3661 is divided by 99.
97
What i